{"id":73,"date":"2022-05-19T10:27:32","date_gmt":"2022-05-19T10:27:32","guid":{"rendered":"http:\/\/ideamakers.agency\/?page_id=73"},"modified":"2022-07-11T19:25:51","modified_gmt":"2022-07-11T19:25:51","slug":"mokymai","status":"publish","type":"page","link":"https:\/\/ideamakers.agency\/index.php\/mokymai\/","title":{"rendered":"Mokymai"},"content":{"rendered":"<p>[et_pb_section fb_built=\u201c1&#8243; admin_label=\u201csection\u201c _builder_version=\u201c4.17.4&#8243; background_color=\u201cgcid-d4ba2a8c-436d-481f-8b11-2f06993d9c82&#8243; custom_padding=\u201c50px||||false|false\u201c global_colors_info=\u201c{%22gcid-d4ba2a8c-436d-481f-8b11-2f06993d9c82%22:%91%22background_color%22,%22background_color%22%93}\u201c][et_pb_row _builder_version=\u201c4.17.4&#8243; _module_preset=\u201cdefault\u201c custom_padding=\u201c2px|||||\u201c global_colors_info=\u201c{}\u201c][et_pb_column type=\u201c4_4&#8243; _builder_version=\u201c4.17.4&#8243; _module_preset=\u201cdefault\u201c global_colors_info=\u201c{}\u201c][et_pb_text _builder_version=\u201c4.17.4&#8243; _module_preset=\u201cdefault\u201c header_font=\u201cGilroy ExtraBold|||on|||||\u201c header_text_align=\u201ccenter\u201c header_text_color=\u201c#FFFFFF\u201c header_font_size=\u201c40px\u201c header_letter_spacing=\u201c2px\u201c custom_margin=\u201c80px||||false|false\u201c global_colors_info=\u201c{}\u201c]<\/p>\n<h1>Mokymai<\/h1>\n<p>[\/et_pb_text][\/et_pb_column][\/et_pb_row][\/et_pb_section][et_pb_section fb_built=\u201c1&#8243; _builder_version=\u201c4.17.4&#8243; _module_preset=\u201cdefault\u201c global_colors_info=\u201c{}\u201c][et_pb_row _builder_version=\u201c4.17.4&#8243; _module_preset=\u201cdefault\u201c custom_padding=\u201c6px||16px|||\u201c global_colors_info=\u201c{}\u201c][et_pb_column type=\u201c4_4&#8243; _builder_version=\u201c4.17.4&#8243; _module_preset=\u201cdefault\u201c global_colors_info=\u201c{}\u201c][et_pb_text _builder_version=\u201c4.17.4&#8243; _module_preset=\u201cdefault\u201c header_2_font=\u201cGilroy ExtraBold||||||||\u201c header_2_font_size=\u201c32px\u201c text_orientation=\u201ccenter\u201c custom_margin=\u201c51px||22px|||\u201c global_colors_info=\u201c{}\u201c]<\/p>\n<h2><span class=\"JsGRdQ\">Pl\u0117skite savo \u012fmon\u0117s versl\u0105 &#8211; dirbkime kartu!<\/span><\/h2>\n<h2><span class=\"JsGRdQ\">3 b\u016bdai kaip galime pad\u0117ti:<\/span><\/h2>\n<p>[\/et_pb_text][\/et_pb_column][\/et_pb_row][et_pb_row column_structure=\u201c1_3,1_3,1_3&#8243; _builder_version=\u201c4.17.4&#8243; _module_preset=\u201cdefault\u201c custom_padding=\u201c2px|||||\u201c global_colors_info=\u201c{}\u201c][et_pb_column type=\u201c1_3&#8243; _builder_version=\u201c4.17.4&#8243; _module_preset=\u201cdefault\u201c box_shadow_style=\u201cpreset1&#8243; global_colors_info=\u201c{}\u201c][et_pb_image src=\u201chttp:\/\/ideamakers.agency\/wp-content\/uploads\/2022\/05\/mokymai1.jpg\u201c title_text=\u201cmokymai1&#8243; _builder_version=\u201c4.17.4&#8243; _module_preset=\u201cdefault\u201c custom_margin=\u201c||17px|||\u201c global_colors_info=\u201c{}\u201c][\/et_pb_image][et_pb_cta title=\u201cPasiskolinkite m\u016bs\u0173 i\u0161mon\u0119\u201c button_url=\u201c@ET-DC@eyJkeW5hbWljIjp0cnVlLCJjb250ZW50IjoicG9zdF9saW5rX3VybF9wYWdlIiwic2V0dGluZ3MiOnsicG9zdF9pZCI6IjYwMjkxIn19@\u201c button_text=\u201cPRAD\u0116KITE DABAR!\u201c _builder_version=\u201c4.17.4&#8243; _dynamic_attributes=\u201cbutton_url\u201c _module_preset=\u201cdefault\u201c header_font=\u201c||||||||\u201c header_font_size=\u201c34px\u201c body_font=\u201cGilroy Light|700|||||||\u201c body_letter_spacing=\u201c0.5px\u201c background_enable_color=\u201coff\u201c custom_button=\u201con\u201c button_text_size=\u201c14px\u201c button_text_color=\u201c#FFFFFF\u201c button_bg_color=\u201cgcid-d5574d0f-8041-444f-b2f6-e6fa18cf3ab5&#8243; button_border_width=\u201c0px\u201c button_border_radius=\u201c0px\u201c button_letter_spacing=\u201c1px\u201c button_font=\u201cGilroy ExtraBold|700||on|||||\u201c button_use_icon=\u201coff\u201c button_custom_margin=\u201c1em||||false|false\u201c button_custom_padding=\u201c1em|1.5em|1em|1.5em|true|true\u201c background_layout=\u201clight\u201c min_height=\u201c350px\u201c custom_padding=\u201c17px|||||\u201c global_colors_info=\u201c{%22gcid-d5574d0f-8041-444f-b2f6-e6fa18cf3ab5%22:%91%22button_bg_color%22%93,%22gcid-d4ba2a8c-436d-481f-8b11-2f06993d9c82%22:%91%22button_bg_color__hover%22%93}\u201c button_bg_color__hover_enabled=\u201con|hover\u201c button_bg_color__hover=\u201c#242f40&#8243; button_bg_enable_color__hover=\u201con\u201c]<\/p>\n<p><span class=\"JsGRdQ\">Skirkite 1 valand\u0105 laiko strateginiam skambu\u010diui, kurio metu mes skirsime 100% d\u0117mes\u012f Jums: pad\u0117sime panaikinti bet kokias verslo kli\u016btis!<\/span><\/p>\n<p><span class=\"JsGRdQ\"><\/span><\/p>\n<p><span class=\"JsGRdQ\"><\/span><\/p>\n<p><span class=\"JsGRdQ\"><\/span><\/p>\n<p>[\/et_pb_cta][\/et_pb_column][et_pb_column type=\u201c1_3&#8243; _builder_version=\u201c4.17.4&#8243; _module_preset=\u201cdefault\u201c box_shadow_style=\u201cpreset1&#8243; global_colors_info=\u201c{}\u201c][et_pb_image src=\u201chttp:\/\/ideamakers.agency\/wp-content\/uploads\/2022\/05\/mokymai2.jpg\u201c title_text=\u201cmokymai2&#8243; _builder_version=\u201c4.17.4&#8243; _module_preset=\u201cdefault\u201c custom_margin=\u201c||17px|||\u201c global_colors_info=\u201c{}\u201c][\/et_pb_image][et_pb_cta title=\u201cIntensyvus pusdienis\u201c button_url=\u201c@ET-DC@eyJkeW5hbWljIjp0cnVlLCJjb250ZW50IjoicG9zdF9saW5rX3VybF9wYWdlIiwic2V0dGluZ3MiOnsicG9zdF9pZCI6IjYwMjk4In19@\u201c button_text=\u201cREGISTRUOKIT\u0116S INTENSYVIAM PUSDIENIUI\u201c _builder_version=\u201c4.17.4&#8243; _dynamic_attributes=\u201cbutton_url\u201c _module_preset=\u201cdefault\u201c header_font=\u201c||||||||\u201c header_font_size=\u201c34px\u201c body_font=\u201cGilroy Light|700|||||||\u201c body_letter_spacing=\u201c0.5px\u201c background_enable_color=\u201coff\u201c custom_button=\u201con\u201c button_text_size=\u201c14px\u201c button_text_color=\u201c#FFFFFF\u201c button_bg_color=\u201cgcid-d5574d0f-8041-444f-b2f6-e6fa18cf3ab5&#8243; button_border_width=\u201c0px\u201c button_border_radius=\u201c0px\u201c button_letter_spacing=\u201c1px\u201c button_font=\u201cGilroy ExtraBold|700||on|||||\u201c button_use_icon=\u201coff\u201c button_custom_margin=\u201c1em||||false|false\u201c button_custom_padding=\u201c1em|1.5em|1em|1.5em|true|true\u201c background_layout=\u201clight\u201c min_height=\u201c350px\u201c custom_padding=\u201c17px|||||\u201c global_colors_info=\u201c{%22gcid-d5574d0f-8041-444f-b2f6-e6fa18cf3ab5%22:%91%22button_bg_color%22,%22button_bg_color%22,%22button_bg_color%22,%22button_bg_color%22,%22button_bg_color%22,%22button_bg_color%22,%22button_bg_color%22%93,%22gcid-d4ba2a8c-436d-481f-8b11-2f06993d9c82%22:%91%22button_bg_color__hover%22,%22button_bg_color__hover%22,%22button_bg_color__hover%22,%22button_bg_color__hover%22%93}\u201c button_bg_color__hover=\u201c#242f40&#8243; button_bg_color__hover_enabled=\u201con|hover\u201c]<\/p>\n<p><span class=\"JsGRdQ\">Pasinerkime \u012f strategin\u012f 4 valand\u0173 susitikim\u0105 J\u016bs\u0173 marketingo ir internetin\u0117s svetain\u0117s analizei su individualiais pasteb\u0117jimais ir i\u0161vadomis.<\/span><\/p>\n<p><span class=\"JsGRdQ\"><\/span><\/p>\n<p>[\/et_pb_cta][\/et_pb_column][et_pb_column type=\u201c1_3&#8243; _builder_version=\u201c4.17.4&#8243; _module_preset=\u201cdefault\u201c box_shadow_style=\u201cpreset1&#8243; global_colors_info=\u201c{}\u201c][et_pb_image src=\u201chttp:\/\/ideamakers.agency\/wp-content\/uploads\/2022\/05\/mokymai3.jpg\u201c title_text=\u201cmokymai3&#8243; _builder_version=\u201c4.17.4&#8243; _module_preset=\u201cdefault\u201c custom_margin=\u201c||17px|||\u201c global_colors_info=\u201c{}\u201c][\/et_pb_image][et_pb_cta title=\u201cVIP strategijos k\u016brimas\u201c button_url=\u201c@ET-DC@eyJkeW5hbWljIjp0cnVlLCJjb250ZW50IjoicG9zdF9saW5rX3VybF9wYWdlIiwic2V0dGluZ3MiOnsicG9zdF9pZCI6IjYwMzAxIn19@\u201c button_text=\u201cREGISTRUOKIT\u0116S VIP PASLAUGAI\u201c _builder_version=\u201c4.17.4&#8243; _dynamic_attributes=\u201cbutton_url\u201c _module_preset=\u201cdefault\u201c header_font=\u201c||||||||\u201c header_font_size=\u201c34px\u201c body_font=\u201cGilroy Light|700|||||||\u201c body_letter_spacing=\u201c0.5px\u201c background_enable_color=\u201coff\u201c custom_button=\u201con\u201c button_text_size=\u201c14px\u201c button_text_color=\u201c#FFFFFF\u201c button_bg_color=\u201cgcid-d5574d0f-8041-444f-b2f6-e6fa18cf3ab5&#8243; button_border_width=\u201c0px\u201c button_border_radius=\u201c0px\u201c button_letter_spacing=\u201c1px\u201c button_font=\u201cGilroy ExtraBold|700||on|||||\u201c button_use_icon=\u201coff\u201c button_custom_margin=\u201c1em||||false|false\u201c button_custom_padding=\u201c1em|1.5em|1em|1.5em|true|true\u201c background_layout=\u201clight\u201c min_height=\u201c350px\u201c custom_padding=\u201c17px|||||\u201c hover_enabled=\u201c0&#8243; global_colors_info=\u201c{%22gcid-d5574d0f-8041-444f-b2f6-e6fa18cf3ab5%22:%91%22button_bg_color%22,%22button_bg_color%22,%22button_bg_color%22,%22button_bg_color%22,%22button_bg_color%22,%22button_bg_color%22,%22button_bg_color%22,%22button_bg_color%22%93,%22gcid-d4ba2a8c-436d-481f-8b11-2f06993d9c82%22:%91%22button_bg_color__hover%22,%22button_bg_color__hover%22,%22button_bg_color__hover%22,%22button_bg_color__hover%22%93}\u201c button_bg_color__hover=\u201c#242f40&#8243; button_bg_color__hover_enabled=\u201con|hover\u201c sticky_enabled=\u201c0&#8243;]<\/p>\n<p><span class=\"JsGRdQ\">Kartu sukurkime ai\u0161ki\u0105 strategij\u0105 J\u016bs\u0173 verslo pl\u0117trai. I\u0161sikelkime tikslus ir sukurkime \u017eingsnius, kuri\u0173 imantis J\u016bs\u0173 verslas bus matomas \u0161iuolaikin\u0117je perpildytoje rinkoje.<\/span><\/p>\n<p>[\/et_pb_cta][\/et_pb_column][\/et_pb_row][\/et_pb_section]<\/p>\n<span class=\"et_bloom_bottom_trigger\"><\/span>","protected":false},"excerpt":{"rendered":"<p>MokymaiPl\u0117skite savo \u012fmon\u0117s versl\u0105 &#8211; dirbkime kartu! 3 b\u016bdai kaip galime pad\u0117ti:Skirkite 1 valand\u0105 laiko strateginiam skambu\u010diui, kurio metu mes skirsime 100% d\u0117mes\u012f Jums: pad\u0117sime panaikinti bet kokias verslo kli\u016btis! Pasinerkime \u012f strategin\u012f 4 valand\u0173 susitikim\u0105 J\u016bs\u0173 marketingo ir internetin\u0117s svetain\u0117s analizei su individualiais pasteb\u0117jimais ir i\u0161vadomis. Kartu sukurkime ai\u0161ki\u0105 strategij\u0105 J\u016bs\u0173 verslo pl\u0117trai. I\u0161sikelkime [&hellip;]<\/p>\n","protected":false},"author":2,"featured_media":0,"parent":0,"menu_order":0,"comment_status":"closed","ping_status":"closed","template":"","meta":{"_et_pb_use_builder":"on","_et_pb_old_content":"<!-- wp:divi\/placeholder \/-->","_et_gb_content_width":"","inline_featured_image":false},"_links":{"self":[{"href":"https:\/\/ideamakers.agency\/index.php\/wp-json\/wp\/v2\/pages\/73"}],"collection":[{"href":"https:\/\/ideamakers.agency\/index.php\/wp-json\/wp\/v2\/pages"}],"about":[{"href":"https:\/\/ideamakers.agency\/index.php\/wp-json\/wp\/v2\/types\/page"}],"author":[{"embeddable":true,"href":"https:\/\/ideamakers.agency\/index.php\/wp-json\/wp\/v2\/users\/2"}],"replies":[{"embeddable":true,"href":"https:\/\/ideamakers.agency\/index.php\/wp-json\/wp\/v2\/comments?post=73"}],"version-history":[{"count":20,"href":"https:\/\/ideamakers.agency\/index.php\/wp-json\/wp\/v2\/pages\/73\/revisions"}],"predecessor-version":[{"id":60700,"href":"https:\/\/ideamakers.agency\/index.php\/wp-json\/wp\/v2\/pages\/73\/revisions\/60700"}],"wp:attachment":[{"href":"https:\/\/ideamakers.agency\/index.php\/wp-json\/wp\/v2\/media?parent=73"}],"curies":[{"name":"wp","href":"https:\/\/api.w.org\/{rel}","templated":true}]}}