{"id":60301,"date":"2022-05-27T11:22:04","date_gmt":"2022-05-27T11:22:04","guid":{"rendered":"https:\/\/ideamakers.agency\/?page_id=60301"},"modified":"2022-08-01T10:44:04","modified_gmt":"2022-08-01T10:44:04","slug":"2-dienu-vip-strategijos-kurimas","status":"publish","type":"page","link":"https:\/\/ideamakers.agency\/index.php\/mokymai\/2-dienu-vip-strategijos-kurimas\/","title":{"rendered":"2 dien\u0173 VIP strategijos k\u016brimas"},"content":{"rendered":"<p>[et_pb_section fb_built=\u201c1&#8243; admin_label=\u201csection\u201c _builder_version=\u201c4.17.4&#8243; background_color=\u201cgcid-d4ba2a8c-436d-481f-8b11-2f06993d9c82&#8243; global_colors_info=\u201c{%22gcid-d4ba2a8c-436d-481f-8b11-2f06993d9c82%22:%91%22background_color%22%93}\u201c][et_pb_row _builder_version=\u201c4.17.4&#8243; _module_preset=\u201cdefault\u201c custom_margin=\u201c80px||||false|false\u201c custom_padding=\u201c2px|||||\u201c global_colors_info=\u201c{}\u201c][et_pb_column type=\u201c4_4&#8243; _builder_version=\u201c4.17.4&#8243; _module_preset=\u201cdefault\u201c global_colors_info=\u201c{}\u201c][et_pb_text _builder_version=\u201c4.17.4&#8243; _module_preset=\u201cdefault\u201c header_font=\u201cGilroy ExtraBold|||on|||||\u201c header_text_align=\u201ccenter\u201c header_text_color=\u201c#FFFFFF\u201c header_font_size=\u201c40px\u201c header_letter_spacing=\u201c2px\u201c custom_margin=\u201c80px||||false|false\u201c global_colors_info=\u201c{}\u201c]<\/p>\n<h1><span class=\"JsGRdQ\">VIP STRATEGIJOS K\u016aRIMAS<\/span><\/h1>\n<p>[\/et_pb_text][\/et_pb_column][\/et_pb_row][\/et_pb_section][et_pb_section fb_built=\u201c1&#8243; _builder_version=\u201c4.17.4&#8243; _module_preset=\u201cdefault\u201c global_colors_info=\u201c{}\u201c][et_pb_row _builder_version=\u201c4.17.4&#8243; _module_preset=\u201cdefault\u201c custom_padding=\u201c35px|||||\u201c global_colors_info=\u201c{}\u201c][et_pb_column type=\u201c4_4&#8243; _builder_version=\u201c4.17.4&#8243; _module_preset=\u201cdefault\u201c global_colors_info=\u201c{}\u201c][et_pb_text _builder_version=\u201c4.17.4&#8243; _module_preset=\u201cdefault\u201c text_font=\u201cGilroy Light|700|||||||\u201c text_letter_spacing=\u201c0.5px\u201c hover_enabled=\u201c0&#8243; global_colors_info=\u201c{}\u201c sticky_enabled=\u201c0&#8243;]<\/p>\n<h1 style=\"text-align: center;\">Tai viena arba dvi DARBO DIENOS tik Jums ir J\u016bs\u0173 verslo pl\u0117trai!<\/h1>\n<p style=\"text-align: center;\">Kai ateina laikas <strong>ne tik padidinti pardavimus,<\/strong> ta\u010diau kartu sustipr\u0117ti kaip prek\u0117s \u017eenklui, komandai ar Jums vienam savo versle. Jums reikia ekspert\u0173, kurie gal\u0117t\u0173 pasakyti <strong>KAIP<\/strong> tai padaryti.<\/p>\n<p style=\"text-align: center;\">\u010cia ateiname mes: \u012fsigiliname \u012f J\u016bs\u0173 asmenines problemas, pateikiame i\u0161vadas, padedame m\u0105styti <em>\u201eoutside the box\u201c<\/em> ir priimti sprendimus, kurie turi \u012ftakos J\u016bs\u0173 s\u0117kmei.<\/p>\n<p style=\"text-align: center;\"><strong>Mums svarbi J\u016bs\u0173 s\u0117km\u0117!<\/strong><\/p>\n<p style=\"text-align: center;\">Registruokit\u0117s <strong>NEMOKAMAI<\/strong> 15 minu\u010di\u0173 konsultacijai JAU DABAR!<\/p>\n<p>[\/et_pb_text][\/et_pb_column][\/et_pb_row][et_pb_row _builder_version=\u201c4.17.4&#8243; _module_preset=\u201cdefault\u201c global_colors_info=\u201c{}\u201c][et_pb_column type=\u201c4_4&#8243; _builder_version=\u201c4.17.4&#8243; _module_preset=\u201cdefault\u201c global_colors_info=\u201c{}\u201c][et_pb_button button_url=\u201chttps:\/\/calendly.com\/ideamakers\/30min\u201c url_new_window=\u201con\u201c button_text=\u201cDirbkime kartu\u201c button_alignment_tablet=\u201ccenter\u201c button_alignment_phone=\u201ccenter\u201c button_alignment_last_edited=\u201con|phone\u201c module_class=\u201cmobile-full-width\u201c _builder_version=\u201c4.17.4&#8243; _module_preset=\u201cdefault\u201c button_bg_color=\u201cgcid-d5574d0f-8041-444f-b2f6-e6fa18cf3ab5&#8243; custom_margin_tablet=\u201c||||false|false\u201c custom_margin_phone=\u201c||||false|false\u201c custom_margin_last_edited=\u201con|desktop\u201c custom_padding=\u201c1em|2em|1em|2em|true|true\u201c button_letter_spacing_tablet=\u201c\u201c button_letter_spacing_phone=\u201c\u201c button_letter_spacing_last_edited=\u201con|tablet\u201c global_module=\u201c237&#8243; saved_tabs=\u201call\u201c global_colors_info=\u201c{%22gcid-d5574d0f-8041-444f-b2f6-e6fa18cf3ab5%22:%91%22button_bg_color%22%93,%22gcid-d4ba2a8c-436d-481f-8b11-2f06993d9c82%22:%91%22button_bg_color__hover%22%93}\u201c button_bg_enable_color__hover=\u201con\u201c][\/et_pb_button][\/et_pb_column][\/et_pb_row][\/et_pb_section]<\/p>\n<span class=\"et_bloom_bottom_trigger\"><\/span>","protected":false},"excerpt":{"rendered":"<p>VIP STRATEGIJOS K\u016aRIMASTai viena arba dvi DARBO DIENOS tik Jums ir J\u016bs\u0173 verslo pl\u0117trai! Kai ateina laikas ne tik padidinti pardavimus, ta\u010diau kartu sustipr\u0117ti kaip prek\u0117s \u017eenklui, komandai ar Jums vienam savo versle. Jums reikia ekspert\u0173, kurie gal\u0117t\u0173 pasakyti KAIP tai padaryti. \u010cia ateiname mes: \u012fsigiliname \u012f J\u016bs\u0173 asmenines problemas, pateikiame i\u0161vadas, padedame m\u0105styti \u201eoutside [&hellip;]<\/p>\n","protected":false},"author":2,"featured_media":0,"parent":73,"menu_order":0,"comment_status":"closed","ping_status":"closed","template":"","meta":{"_et_pb_use_builder":"on","_et_pb_old_content":"","_et_gb_content_width":"","inline_featured_image":false},"_links":{"self":[{"href":"https:\/\/ideamakers.agency\/index.php\/wp-json\/wp\/v2\/pages\/60301"}],"collection":[{"href":"https:\/\/ideamakers.agency\/index.php\/wp-json\/wp\/v2\/pages"}],"about":[{"href":"https:\/\/ideamakers.agency\/index.php\/wp-json\/wp\/v2\/types\/page"}],"author":[{"embeddable":true,"href":"https:\/\/ideamakers.agency\/index.php\/wp-json\/wp\/v2\/users\/2"}],"replies":[{"embeddable":true,"href":"https:\/\/ideamakers.agency\/index.php\/wp-json\/wp\/v2\/comments?post=60301"}],"version-history":[{"count":10,"href":"https:\/\/ideamakers.agency\/index.php\/wp-json\/wp\/v2\/pages\/60301\/revisions"}],"predecessor-version":[{"id":60831,"href":"https:\/\/ideamakers.agency\/index.php\/wp-json\/wp\/v2\/pages\/60301\/revisions\/60831"}],"up":[{"embeddable":true,"href":"https:\/\/ideamakers.agency\/index.php\/wp-json\/wp\/v2\/pages\/73"}],"wp:attachment":[{"href":"https:\/\/ideamakers.agency\/index.php\/wp-json\/wp\/v2\/media?parent=60301"}],"curies":[{"name":"wp","href":"https:\/\/api.w.org\/{rel}","templated":true}]}}